s 1550 a multiple of 2?
True
Is 130 a factor of 42378?
False
Is 1668 a multiple of 13?
False
Does 13 divide 25727?
True
Does 21 divide 903?
True
Does 10 divide 208?
False
Does 42 divide 1428?
True
Is 606 a multiple of 13?
False
Is 442 a multiple of 13?
True
Is 699 a multiple of 69?
False
Is 9931 a multiple of 12?
False
Is 13754 a multiple of 14?
False
Is 190 a multiple of 38?
True
Does 24 divide 450?
False
Is 3131 a multiple of 5?
False
Is 59 a factor of 5546?
True
Is 34 a factor of 1303?
False
Is 3 a factor of 753?
True
Does 5 divide 240?
True
Does 231 divide 18325?
False
Is 41 a factor of 697?
True
Does 35 divide 15682?
False
Is 2 a factor of 89?
False
Is 48 a factor of 15522?
False
Is 5278 a multiple of 6?
False
Is 1040 a multiple of 26?
True
Is 25 a factor of 6475?
True
Is 4269 a multiple of 5?
False
Is 22 a factor of 172?
False
Does 30 divide 1200?
True
Does 119 divide 71379?
False
Does 95 divide 30495?
True
Is 14 a factor of 42088?
False
Is 27 a factor of 12069?
True
Is 9 a factor of 32283?
True
Is 44 a factor of 121?
False
Does 13 divide 27153?
False
Does 87 divide 1326?
False
Is 6 a multiple of 6?
True
Is 4091 a multiple of 9?
False
Is 858 a multiple of 23?
False
Is 175 a factor of 87500?
True
Is 72 a multiple of 36?
True
Is 81872 a multiple of 344?
True
Does 4 divide 264?
True
Does 52 divide 7719?
False
Does 34 divide 15935?
False
Is 6 a factor of 6?
True
Does 88 divide 9592?
True
Does 3 divide 227?
False
Is 16 a factor of 24420?
False
Does 3 divide 244?
False
Is 9233 a multiple of 14?
False
Does 15 divide 367?
False
Is 112 a factor of 35168?
True
Is 17 a factor of 5816?
False
Is 1800 a multiple of 8?
True
Is 231 a multiple of 3?
True
Does 9 divide 80620?
False
Is 2781 a multiple of 129?
False
Is 223 a factor of 1359?
False
Is 600 a multiple of 15?
True
Is 990 a multiple of 15?
True
Is 414 a multiple of 23?
True
Is 523 a multiple of 7?
False
Is 2 a factor of 66?
True
Does 23 divide 34063?
True
Is 753 a multiple of 14?
False
Is 2221 a multiple of 16?
False
Is 15570 a multiple of 9?
True
Is 921 a multiple of 5?
False
Is 3801 a multiple of 21?
True
Is 46629 a multiple of 99?
True
Does 90 divide 34380?
True
Is 11448 a multiple of 23?
False
Is 3290 a multiple of 35?
True
Is 2709 a multiple of 43?
True
Is 23 a factor of 157?
False
Is 1190 a multiple of 7?
True
Is 29651 a multiple of 14?
False
Does 3 divide 4437?
True
Is 6 a factor of 15654?
True
Is 3567 a multiple of 87?
True
Is 686 a multiple of 58?
False
Is 33 a factor of 9504?
True
Is 10498 a multiple of 29?
True
Does 16 divide 33846?
False
Is 3 a factor of 320?
False
Is 1932 a multiple of 28?
True
Is 20 a factor of 2193?
False
Does 17 divide 435?
False
Is 56 a factor of 1088?
False
Is 164 a factor of 5040?
False
Is 2156 a multiple of 14?
True
Is 105560 a multiple of 119?
False
Does 23 divide 125?
False
Does 13 divide 39503?
False
Does 8 divide 855?
False
Is 16801 a multiple of 171?
False
Is 33 a factor of 7451?
False
Is 53 a factor of 3498?
True
Is 51 a factor of 43824?
False
Does 9 divide 18360?
True
Is 71 a factor of 214?
False
Is 89310 a multiple of 130?
True
Is 279 a multiple of 55?
False
Does 6 divide 1176?
True
Is 132 a multiple of 9?
False
Is 8188 a multiple of 92?
True
Is 91 a factor of 16404?
False
Is 18 a factor of 1782?
True
Does 246 divide 24108?
True
Does 84 divide 7541?
False
Does 41 divide 14186?
True
Is 117 a factor of 2528?
False
Does 57 divide 2390?
False
Is 122248 a multiple of 413?
True
Is 15 a factor of 385?
False
Is 11 a factor of 1476?
False
Does 27 divide 399?
False
Does 119 divide 20825?
True
Is 43 a factor of 15228?
False
Is 3213 a multiple of 17?
True
Is 264 a multiple of 33?
True
Does 5 divide 7980?
True
Is 1421 even?
False
Does 120 divide 15021?
False
Is 315 a multiple of 21?
True
Is 2023 a multiple of 11?
False
Is 20 a factor of 2340?
True
Does 15 divide 5010?
True
Is 36 a factor of 2298?
False
Does 8 divide 5624?
True
Is 18270 a multiple of 126?
True
Is 18 a factor of 399?
False
Does 163 divide 18745?
True
Is 1491 a multiple of 71?
True
Is 53 a factor of 1275?
False
Is 882 a multiple of 9?
True
Does 152 divide 3817?
False
Is 312 a multiple of 5?
False
Is 113033 a multiple of 17?
True
Is 930 a multiple of 5?
True
Is 129 a factor of 27993?
True
Does 160 divide 7554?
False
Is 29 a factor of 2669?
False
Is 8 a factor of 1440?
True
Is 7098 a multiple of 21?
True
Is 26 a factor of 458?
False
Is 960 a multiple of 80?
True
Is 39 a factor of 1482?
True
Is 3491 a multiple of 12?
False
Does 13 divide 3042?
True
Is 56284 a multiple of 223?
False
Is 36855 a multiple of 105?
True
Does 6 divide 834?
True
Does 40 divide 2721?
False
Does 31 divide 150?
False
Is 6650 a multiple of 70?
True
Is 49 a factor of 1240?
False
Does 40 divide 24502?
False
Is 9 a factor of 156?
False
Is 19 a factor of 252?
False
Is 605 a multiple of 13?
False
Is 18 a factor of 2988?
True
Does 29 divide 335?
False
Does 14 divide 1386?
True
Is 2 a factor of 22?
True
Is 69 a factor of 5658?
True
Is 1357 a multiple of 4?
False
Is 30912 a multiple of 12?
True
Is 8004 a multiple of 12?
True
Is 123 a factor of 71017?
False
Does 23 divide 3634?
True
Does 29 divide 174?
True
Does 82 divide 30340?
True
Is 74 a factor of 7400?
True
Does 5 divide 2779?
False
Is 10 a factor of 2397?
False
Is 4 a factor of 200?
True
Is 5011 a multiple of 37?
False
Does 22 divide 1619?
False
Does 96 divide 16409?
False
Does 45 divide 27270?
True
Does 3 divide 1221?
True
Is 2600 a multiple of 40?
True
Is 13824 a multiple of 32?
True
Is 8 a factor of 7928?
True
Is 19 a factor of 852?
False
Does 2 divide 45?
False
Is 7442 a multiple of 78?
False
Is 22 a factor of 1782?
True
Is 2592 a multiple of 9?
True
Does 12 divide 7570?
False
Does 4 divide 15731?
False
Is 2398 a multiple of 11?
True
Is 8 a factor of 1918?
False
Does 15 divide 714?
False
Is 32 a factor of 499?
False
Is 3 a factor of 13703?
False
Is 18 a factor of 14490?
True
Is 10 a factor of 13990?
True
Is 185 a factor of 139675?
True
Does 25 divide 4061?
False
Does 40 divide 757?
False
Is 665 a multiple of 7?
True
Is 80 a factor of 11033?
False
Does 17 divide 22865?
True
Is 46563 a multiple of 83?
True
Is 10177 a multiple of 19?
False
Is 840 a multiple of 28?
True
Is 9735 a multiple of 60?
False
Is 966 a multiple of 14?
True
Does 15 divide 15737?
False
Is 1428 a multiple of 14?
True
Does 176 divide 2992?
True
Is 1877 a multiple of 21?
False
Does 24 divide 4094?
False
Does 23 divide 6026?
True
Is 3138 a multiple of 128?
False
Is 2268 a multiple of 126?
True
Does 194 divide 19363?
False
Is 3165 a multiple of 25?
False
Is 31236 a multiple of 19?
True
Does 18 divide 1062?
True
Is 17 a factor of 289?
True
Does 48 divide 1440?
True
Does 32 divide 1240?
False
Is 16 a factor of 4132?
False
Does 25 divide 4614?
False
Is 26397 a multiple of 7?
True
Is 31 a factor of 178?
False
Is 20 a factor of 1300?
True
Does 100 divide 34200?
True
Is 619 a multiple of 10?
False
Is 105 a factor of 23162?
False
Is 102960 a multiple of 90?
True
Does 11 divide 858?
True
Is 342 a multiple of 27?
False
Does 15 divide 2129?
False
Is 47 a factor of 94?
True
Is 2 a factor of 506?
True
Is 22 a factor of 69858?
False
Does 36 divide 792?
True
Is 3443 a multiple of 5?
False
Is 3676 a multiple of 88?
False
Is 20 a factor of 220?
True
Does 27 divide 308?
False
Does 16 divide 289?
False
Does 97 divide 4635?
False
Does 68 divide 2788?
True
Is 381 a multiple of 4?
False
Is 8 a factor of 200?
True
Is 12 a factor of 408?
True
Is 52 a factor of 1834?
False
Does 25 divide 210?
False
Is 13 a factor of 4394?
True
Does 18 divide 945?
False
Is 7 a factor of 924?
True
Does 2 divide 260?
True
Is 2159 a multiple of 17?
True
Is 154 a factor of 107030?
True
Is 17 a factor of 136?
True
Is 14990 a multiple of 104?
False
Is 35 a factor of 8199?
False
Is 1512 a multiple of 8?
True
Is 76 a factor of 4994?
False
Is 38 a factor of 646?
True
Is 104126 a multiple of 87?
False
Is 17 a factor of 3269?
False
Is 24 a factor of 18480?
True
Is 9 a factor of 1872?
True
Is 8 a factor of 239?
False
Does 26 divide 8502?
True
Is 15 a factor of 1815?
True
Does 2 divide 93?
False
Is 31 a factor of 22072?
True
Does 32 divide 342?
False
Is 32831 a multiple of 35?
False
Does 28 divide 213?
False
Is 66 a factor of 56638?
False
Is 338 a multiple of 3?
Fals